digit of -154*(1 - (-7)/(-2))?
3
Suppose -12 - 10 = -2*v. Suppose v = -4*c + 3. What is the units digit of 4*c/8*-5?
5
What is the hundreds digit of 6 - (-3 + 1308)/(-3) - -6?
4
Suppose -y = -11*y + y. What is the tens digit of ((-43)/(-2) - y)*(12 - 10)?
4
Let a(r) = r**3 + 27 + 3*r**3 - r**2 - 6*r**3 + 89. What is the tens digit of a(0)?
1
Let b = -561 + 693. What is the units digit of b?
2
Let o be 10/35 - (-104)/28. Suppose 2*f = 4, -c - 2*f + o - 6 = 0. Let w(q) = -q + 1. What is the units digit of w(c)?
7
Let j(l) = 608*l + 65. What is the hundreds digit of j(5)?
1
Let l(w) = w + 1. Let b(q) = 4*q - 1. Let c(a) = b(a) - 2*l(a). Let j be (-12)/3*22/(-8). What is the tens digit of c(j)?
1
Suppose 15 = 2*b + 5. Suppose 3*n = -b*g + 212, -7 - 53 = -2*g + 5*n. What is the tens digit of g?
4
Let x(m) = -4*m - 19. Let a be x(-6). Suppose 0 = -3*s - 0*s + 3. Suppose -a*j + 5*u = -120, -2*u + s - 5 = 0. What is the units digit of j?
2
Let v(s) = 96*s**2 + 2*s - 31. What is the hundreds digit of v(-6)?
4
Let b(v) = 2*v**3 - 10*v**2 + 6*v - 1. Let o(r) = -r**3 + 82*r**2 - 82*r**2. Let g(s) = -b(s) - o(s). What is the units digit of g(9)?
8
Let c be 18/63 + (-23)/7. Let x be 12/8*(-634)/c. Suppose 6*u = -101 + x. What is the tens digit of u?
3
Let t = 15 + -15. Suppose c + 2*c - 81 = t. What is the tens digit of 1*(-4)/((-4)/c)?
2
Let v = -88 - -49. Let b = v - -65. What is the tens digit of b?
2
Suppose 2*m - 24 = -4*m. Suppose 3*q - c - 315 = 0, 0 = -0*q - m*q + c + 420. What is the units digit of q?
5
Let f = 115 + 436. What is the hundreds digit of f?
5
Suppose 0 = o - 9 - 184. What is the tens digit of o?
9
Let w be 7/9 - 10/(-45). Let q be w + 3 + 2 + -10. What is the units digit of 4/8*q + 11?
9
Let h(y) = 39*y - 350. What is the tens digit of h(13)?
5
Let a be (3 + (-3)/2)*2. Let l = 7 - a. Let f = l - 3. What is the units digit of f?
1
Suppose 3*o - b + 0*b - 12 = 0, 4*o + 4*b = 32. Suppose 6*i = 2*i + p + 94, -14 = -i + o*p. What is the units digit of (-6)/i - (-189)/4?
7
Let v(x) = x**2 - 9*x - 8. Let p be v(10). Let r be (-1 - (-4 - -2))*p. Suppose -4*d = r*i - 42, i - 2*d = -2*i + 79. What is the units digit of i?
5
Let j be (-24)/(4/((-4)/1)). Let q = j - 16. What is the units digit of (-60)/q*(-2)/3?
5
Let y(z) = 96*z**2 - 2*z - 2. Let w = 77 - 78. What is the tens digit of y(w)?
9
Let v(a) = -a**2 - 2 - 1 - 9 + 22*a - 3. What is the tens digit of v(18)?
5
Let d be (-2)/(-3)*(3 - -6). Let z = 7 - d. Suppose u - 7 = z. What is the units digit of u?
8
Suppose -2*s - u = s - 10, -3*s - 2*u + 11 = 0. Suppose -k - k - 77 = -s*m, 5*k = 4*m - 91. What is the units digit of m?
9
Let j(a) = a**3 - 20*a**2 + 20*a - 19. Let v be j(19). Suppose -3*y + 517 = -v*y + 4*p, 4*y - 664 = p. What is the units digit of y?
7
Let n = -140 - -634. What is the hundreds digit of n?
4
Let x(s) = -2*s**2 - 68*s + 111. What is the units digit of x(-32)?
9
Let a(i) = i**2 - 7*i - 6. Let q be a(8). Suppose o - 2*g + 4 = 0, -5*g = o - q*o - 13. What is the tens digit of o/(-7) - (-258)/21?
1
Let d(x) = -3*x + 40. Let r(w) = -8*w + 119. Let l(v) = -7*d(v) + 2*r(v). What is the units digit of l(16)?
8
Suppose 10*p = 7*p + 15. Let h(r) = 7*r**2 - 4*r + 12. Let c(a) = -13*a**2 + 9*a - 24. Let z(f) = 6*c(f) + 11*h(f). What is the units digit of z(p)?
3
Let x(v) = v + 2*v**2 + v - 5*v + 1 + v. What is the units digit of x(-7)?
3
Let z(l) = 10*l**2 - 13*l + 8. Let i be z(8). Suppose -4*o + i = 2*h, 2*o + 784 = 4*h - h. What is the hundreds digit of h?
2
Suppose 3*r - 6*r - 5*b - 1196 = 0, 4*r - b = -1587. Let d = -781 - r. What is the units digit of (-2)/(-11) + d/(-66)?
6
Suppose 9*r = 11*r - 494. What is the hundreds digit of r?
2
Let d(m) = 188*m + 17. What is the tens digit of d(4)?
6
Suppose 5*y + 659 + 1059 = 3*q, 0 = -2*q + 5*y + 1147. What is the units digit of q?
1
Suppose -5*x = -x + 8, -4*x = 3*d - 13. Let i be 7/(d/2) + 0. Suppose -2*w + 92 = 4*c, -2*c - i*w + 68 = 22. What is the tens digit of c?
2
What is the tens digit of ((-2)/(-6))/((-1)/(-834))?
7
Suppose 3*a + 105 = 6*a. Suppose p - 5*u - 101 = a, -u + 154 = p. What is the hundreds digit of p?
1
Let b(y) be the third derivative of 0 + 1/2*y**3 + 1/120*y**6 + 0*y - 1/12*y**5 - 2*y**2 + 1/8*y**4. What is the units digit of b(5)?
8
Let z(t) = 2*t**2 - t**3 + t - 2*t + 0*t + 5*t - 3. Let g be z(3). Suppose -4*k + 32 = -g*k. What is the units digit of k?
8
Let v = 937 - 240. What is the units digit of v?
7
What is the hundreds digit of 383 - ((-4 - 3) + 4 + 0)?
3
Suppose -60 + 20 = 4*g. Let j be g/35 - (-205)/7. Let h = j - -4. What is the tens digit of h?
3
Suppose 4*d + 48*f - 10697 = 45*f, 0 = -4*d - 5*f + 10703. What is the units digit of d?
2
What is the hundreds digit of 1952 + 3/6*-18?
9
Let r(p) = 14*p - 3. Let l(u) = u. Let c(d) = -3*l(d) + r(d). Let g be c(4). Suppose 3*j + j - 12 = 0, -2*q + g = -3*j. What is the units digit of q?
5
Suppose 5*c + 60 = -0*t + 5*t, 26 = -3*c - 2*t. Let n = c - -58. What is the units digit of n?
8
Let v be (2 + 157)*(-2)/6. What is the units digit of (v/4)/(6/(-24))?
3
Let n be 5/(-10)*(-4)/(-2). What is the units digit of ((-8)/(-4))/n + 65?
3
Let v(m) = m**3 - 3*m**2 + m + 2. Let f be v(3). Suppose -3*h = f*z - 4*h - 673, -2*h = 3*z - 409. What is the tens digit of z?
3
What is the tens digit of (-8)/((-104)/(-13715))*1*-1?
5
Suppose 0 = 6*g - 3*g. Suppose 15*f - 16 = 7*f. Suppose g = i - 13 + f. What is the units digit of i?
1
Suppose 4*s - 5*n - 650 = 503, 3*n = 4*s - 1143. What is the units digit of s?
2
Let h = -58 + 287. What is the hundreds digit of h?
2
Suppose 2*p - 10 = -3*y, 2*y + y = 3*p. Suppose 3*m = y*n - 84, n - 42 = 7*m - 2*m. What is the tens digit of n?
4
Suppose -255 = -2*i - 5*s, 3*i = 5*i - 4*s - 210. Suppose k = i + 29. What is the hundreds digit of k?
1
Let d(j) = -j**2 + 10*j + 24. Let p be d(12). Suppose w = -p*w + 210. What is the hundreds digit of w?
2
Suppose -4*a = -5*i + 4238, i - 539 = a + 309. What is the hundreds digit of i?
8
Let j(d) = -8*d + 16. Let h be j(3). Let g = h - -46. What is the units digit of g?
8
Let k(t) = t**3 - 6*t**2 - t + 6. Let d be k(6). Let v be (-16)/(d + -4 + 2). What is the units digit of v/(-14) - (-193)/7?
7
Suppose -23*d + 30 = -17*d. What is the tens digit of (-5 + 0)*d/((-20)/12)?
1
Let n(r) = -3*r**3 + 4*r + 3. Let x(l) = 2*l**3 - 3*l - 2. Let g(b) = -5*n(b) - 7*x(b). Let o = 30 - 28. What is the units digit of g(o)?
9
Suppose -4*z = -2 - 6. Suppose 4*l - 142 = -2*n, 0 = -2*l - z*l + 5*n + 163. What is the units digit of l?
7
Let k = -1892 + 2308. What is the hundreds digit of k?
4
Let g(n) = n**2 + 2*n - 9. Let l(t) = t**2 - 7*t + 11. Let d be l(7). Let k = d - 19. What is the units digit of g(k)?
9
Let h = 52 - 32. Let q = -6 + h. What is the units digit of 8/q*(-35)/(-10)?
2
What is the thousands digit of (-232 + -5)*(-88)/48*4?
1
Let b(w) = w**3 + w**2 + w + 6. Let r be b(0). Let i = 10 - r. Let u(j) = 9*j - 3. What is the tens digit of u(i)?
3
Let w(k) = 60*k + 46. Let x be w(15). Suppose 6*o - x = 398. What is the units digit of o?
4
Let d(m) = -4*m**3 - 106*m + 0 - 2*m**2 + 107*m - 2. What is the tens digit of d(-2)?
2
Let s = -528 - -929. What is the tens digit of s?
0
Suppose 4*v = v + 132. Let u be v + 0 - 1 - 2. Suppose 3*g - 25 - u = 0. What is the tens digit of g?
2
Let y(d) = -d**2 - 15*d - 12. Let u be y(-14). Let x be (8 - 6)*(-47)/u. Let z = -18 - x. What is the tens digit of z?
2
Let m(k) = -k**3 + 20*k**2 + 23*k + 5. Let c be m(21). Let l = 76 - c. What is the units digit of l?
9
Let o = -14 - -11. Let u be (4 + -19)*(o + 2). Suppose f + 3*i = 16, -i = -4*i - u. What is the units digit of f?
1
Let q = -46 - -53. Suppose 0 = -q*d + 11*d - 196. What is the tens digit of d?
4
Suppose q + 5*r - 699 = 416, 5*q + 3*r = 5597. What is the hundreds digit of q?
1
What is the hundreds digit of ((-38)/4)/((-31)/1860)?
5
Suppose 5*n - 279 = 1306. Suppose -2*i + n = -29. What is the hundreds digit of i?
1
Let t(z) = -7*z**3 - z**2. Let o be t(1). Let s be 2*((-372)/o - -4). Let y = s + -47. What is the tens digit of y?
5
Let n = -4092 - -7721. What is the units digit of n?
9
Let d(x) = x**2 - 2*x - 3. Let o = 3 + -4. Let l be -14*(o - 3/(-6)). What is the units digit of d(l)?
2
Let i = 649 - 